
Suppose -5*z + 5 = -90. Suppose -21*w + z*w = -354. Is w composite?
True
Suppose -3*q + 12769 = -61964. Is q a prime number?
False
Suppose 0*k - k = -3*p - 197, -957 = -5*k + p. Is k a composite number?
False
Suppose -23367 - 125805 = -3*j - 3*b, -5*j = -3*b - 248644. Is j prime?
True
Suppose 3*l + 1013 = 2*j, -j - 63 + 571 = -2*l. Is j composite?
True
Let m = 750 + -518. Let f = -375 + m. Let d = f - -894. Is d a prime number?
True
Suppose 0 = -5*a + 83*a - 3265626. Is a prime?
False
Suppose 0 = -115*y + 112*y - 804. Let d = y + 947. Is d prime?
False
Let v be ((-8)/(-48))/(2/(-4016))*-3. Suppose -28*p = -26*p - v. Is p a composite number?
True
Let a = -34509 + 51472. Is a a composite number?
False
Suppose -182*v + 186*v = 7132. Is v a composite number?
False
Let u(f) = 9*f + f + 4*f - 2. Is u(6) prime?
False
Let u(k) = 5*k - 3. Let d be u(1). Is 1120 + (d - 15/3) a prime number?
True
Suppose 6 = -36*n + 42*n. Let g(m) = -m**3 - m**2 - 2*m - 3. Let q be g(-4). Is (q*-5*n)/(-1) composite?
True
Suppose -18*h - 92205 = -314919. Is h composite?
False
Let x(i) = -i**2 - 8*i + 17. Let p = -44 + 34. Let k be x(p). Is (93/6)/(k/(-18)) a composite number?
True
Let d(v) = v**3 + 10*v**2 - 11*v + 2. Let h be d(-11). Is (h/(-1))/(8/(-6484)) a composite number?
False
Let u = -23 - -14. Let h = 212 - u. Is h a composite number?
True
Suppose 4*i = -0*i - 7496. Let s = -273 - i. Is s a composite number?
False
Is 12/(-168)*6718*-1*7 prime?
True
Let h be 8/(-10) + 126/45. Let z(s) = -290*s**2 - 2*s. Let w be z(h). Is (-4)/28 + w/(-14) a composite number?
False
Suppose -2*l - 524 = -6*t + 7*t, 2*t - 3*l + 1062 = 0. Let k = -82 - t. Is k a composite number?
True
Suppose 9167 + 26164 = 3*b. Is b a composite number?
False
Let h = -2 - -4. Let s be 4*4/(8/h). Suppose 4*r + 4*l - 4 = 460, s*r = l + 479. Is r a composite number?
True
Let y(c) = -1714*c - 1053. Is y(-68) prime?
True
Let a be 64/(-10) - (-22)/55. Let r(n) = -28*n + 31. Is r(a) prime?
True
Suppose -4055 = -4*c + 9541. Let m = 6226 - c. Is m prime?
False
Let l be 21/(-12) + (-2)/8. Let c be (-109)/5 + l/10. Let r = c - -105. Is r prime?
True
Is (-180 + 2)/(27 + -29) a composite number?
False
Suppose 0 = 127*i - 130*i + 5907. Is i a composite number?
True
Let i = -13 - -4. Let v be 167 + i/(-3) - -2. Suppose 2*f - v = 2*k + 126, 4*f + 5*k = 596. Is f composite?
False
Let r = 15780 + 9787. Is r a composite number?
True
Let w be -1 + 7 - (9 + -6). Let y(d) = 7 + d - 24*d**w + 8 - 14. Is y(-2) a prime number?
True
Let s = -42276 - -59893. Is s a prime number?
False
Let h(u) be the second derivative of 3*u**4/4 - 25*u**3/6 + 5*u**2/2 + 26*u. Is h(-17) composite?
True
Let c be (-1)/(-2) + 2891/(-14). Let n = 8 - c. Is n a prime number?
False
Let t(g) = -2*g**3 - 25*g**2 - 7*g + 35. Is t(-13) composite?
True
Let c(z) = 124*z + 30. Let p(f) = f + 1. Let a(o) = -c(o) - p(o). Is a(-16) prime?
False
Suppose -s = -1, i + 437 = 3*i + s. Is i + (-1)/((-2)/6) a composite number?
True
Suppose 4*b - 12 = -2*z, 2*b - 2*z = 3*z - 6. Suppose -b*o + 4*v = -6*o + 1040, 10 = -2*v. Is o composite?
True
Is 5699 - (3 - (5 - 0)) prime?
True
Suppose 2*v + 2 = 0, 6*v - 9*v = 5*j - 11412. Let t = j - 1496. Is t a prime number?
True
Let r be ((-1104)/(-84))/(2/7). Suppose -r = -3*z + 299. Is z a prime number?
False
Let t(p) = -118*p - 17. Let u be t(5). Let c = -74 - u. Is c prime?
False
Let o be (-2)/(-13) + 1380/156. Suppose 5*x = o*x - 148. Is x composite?
False
Let p(h) = h**2 + 10*h + 7. Let j be -1 - 2 - -6 - 13. Let d be p(j). Suppose -4*c + d*c = 609. Is c a composite number?
True
Let r be ((-1320)/(-18))/(3/(-9)). Let u = 474 + r. Is u a prime number?
False
Let t = 451 + -282. Let s = t + -42. Is s a composite number?
False
Let d(g) = -g**3 - 5*g**2 + 4*g - 8. Let v be d(-6). Let y(k) = -k + 4. Let m be y(v). Suppose x = -m*x + 191. Is x prime?
True
Is (-10852)/(-8) + 1/(7 - 5) a prime number?
False
Suppose -3*m - 22*k + 39872 = -23*k, 0 = -3*m - 4*k + 39847. Is m a composite number?
True
Let t = 25 - 26. Is (-89)/(-1 + 1 + t) a prime number?
True
Suppose -9495 = -a - 2*f, -2*a = f + 9145 - 28129. Is a a composite number?
False
Suppose 2037 = 5*x - 3*h - h, 3*x - 1233 = -3*h. Is x composite?
False
Suppose 0 = -v + 4, -3*z - v + 11810 = -17603. Is z prime?
True
Let n(s) = -462*s + 137. Is n(-22) composite?
False
Suppose -3*x = 2127 + 3864. Let u = -1108 - x. Is u composite?
True
Suppose -14*b + 39533 + 14591 = 0. Is b prime?
False
Let b be 8/(-20) + (-46635)/(-25). Suppose 3*a = 8*a - b. Is a composite?
False
Let o(a) = 2*a**2 + 4*a + 3. Let d be o(-3). Suppose -2*m - 5 = 3*m, -m + 31 = 4*c. Is (1 + d)*20/c a composite number?
True
Suppose 0 = 5*n - 3 - 7. Suppose 4*s = 6*s + n, 0 = 5*f - 5*s - 250. Suppose -78 - f = -r. Is r a composite number?
False
Let h(z) be the second derivative of 7*z**3/6 + 4667*z**2/2 + 42*z. Is h(0) a prime number?
False
Suppose -10*h = -17199 - 147991. Is h a prime number?
True
Let d = 2339 - -780. Is d a composite number?
False
Let v be ((-9)/18)/((-1)/6). Let w be (-11)/v - (-6)/9. Is ((-7)/w)/(4/1572) a prime number?
False
Suppose 0 = -314*g + 311*g + 56955. Is g prime?
False
Let d = -66 + 64. Let u(z) = -72*z + 1. Is u(d) a composite number?
True
Let q be ((-30)/(-9))/((-2)/(-3)). Suppose q*x + 190 = 710. Let u = x - 15. Is u a composite number?
False
Let f(p) = 359*p**2 + 30*p - 91. Is f(4) prime?
False
Suppose -k - 3*a = -1409, 5*k - 4*a - 2620 = 4349. Is k prime?
False
Let v be (-63)/(-14) - (-1)/2. Suppose -3*i + 14 = 3*u - 34, v*i + u - 100 = 0. Is i prime?
False
Suppose 4*q = -5*m, 0*m + m - 2*q = -14. Let u = -2 - m. Suppose 207 = 3*z - 4*i - 6, 0 = -u*i. Is z a composite number?
False
Suppose 5*x - r - 26738 = 0, 3*x + 5*r - 10733 - 5321 = 0. Suppose -30*d + x = -26*d. Is d a composite number?
True
Suppose 37*l - 222220 + 1367 = 0. Is l composite?
True
Let z(p) = 6*p**2 - 28*p - 13. Let a(s) = -3*s**2 + 14*s + 7. Let w(y) = 7*a(y) + 4*z(y). Is w(-10) a composite number?
True
Suppose -5*r - 5*h + 60960 = 0, 0 = 2*r - 3*r + 5*h + 12222. Is r a composite number?
False
Let f = -52798 + 109179. Is f a composite number?
True
Let p(c) = 3*c**2 + c + 8. Let w be p(-6). Is (w/15)/((-4)/(-138)) a composite number?
True
Let u be 3*-4*4/(-16). Suppose 470 = -u*q - 670. Let p = q + 619. Is p composite?
False
Suppose -5*y = -h - 2, -6*h = -5*h - 4*y. Suppose -43*r - 278 = -41*r. Is (-5 + h)/((-3)/r) prime?
True
Is 45923 + (5 - ((-2 - -7) + -6)) prime?
False
Let h(c) = -2*c - 4. Let q be h(-2). Let j(n) = 3*n + 6. Let s be j(q). Is (s/(-9))/(4/(-4242)) a composite number?
True
Suppose 117 = -12*g - 171. Let p(u) = u**3 + 26*u**2 + 36*u - 35. Is p(g) a prime number?
False
Let x = -972 + 2483. Is x composite?
False
Let w be 0 - 6*4/(-6). Suppose -w = s - 2*s. Suppose -2*o = -s*a - 246, -6*o - 3*a + 641 = -o. Is o a composite number?
False
Let v(d) = -d**2 - 13*d - 8. Let f be v(-13). Let s be f/6*(-651)/(-14). Let r = -19 - s. Is r a prime number?
True
Is ((-75)/175 - 2/28)*-4982 prime?
False
Suppose 2*c = -3*k + 10970, 5*c - 18288 = -3*k + 9137. Suppose -15*a + c = -10*a. Is a a composite number?
False
Suppose -2*w = -4*h + 18, 1 = 3*h + w - 0*w. Suppose -z = -h*z + q - 656, -2*z - 1308 = -q. Is (z/(-5))/(4/10) a composite number?
True
Let d(c) = -17656*c - 209. Is d(-3) prime?
False
Let r(j) = 8*j - 17. Let s be r(-8). Let v = -43 - s. Is v a prime number?
False
Suppose 5*p = -3*n + 251 + 234, n = 4*p - 405. Let w = p + 49. Is w a prime number?
True
Let t be 2/(-12) + 57/18. Is (t/(-2))/(30/(-2980)) prime?
True
Suppose -3*h + 22034 = 2*a - 1803, -2*a + 23835 = h. Is a a composite number?
True
Let z(v) = 5*v + 3. Let u be z(-2). Let r(n) = n + 12. Let m be r(u). Is (3 - m) + 2155/1 composite?
False
Let m = 31 - 47. Let f(u) = -17*u + 25. Let l be f(m). Suppose -k + 1006 - l = 0. Is k a composite number?
False
Suppose u + 2 - 6 = 0, -2*u - 39255 = -k. Is k/63 - (-2)/(-9) a prime number?
False
Suppose 30080 + 31846 = 6*b. Is b composite?
False
Let r(g) = g**3 + 6*g**2 + 4. Let a be r(-6). Suppose 3 - 18 = -5*y. Suppose -3*q - 4*z + 1901 = 0, a*q - 2526 = 2*z - y*z. Is q prime?
True
Suppose p + 2*p - 8942 = -2*m, 0 = -3*m + 3*p + 13413. Is m a composite number?
True
Let c(l) = -6 + 7*l**2 + 2*l + 113